st common divisor of r and a.
22
Let h = -49 + 92. Suppose 2*k + 364 = -5*l + 86, -k = -2*l + 157. Let y = h - k. What is the highest common factor of y and 24?
24
Suppose -5*x - 92 = 68. Let v = 11 + x. Let u = -7 - v. What is the highest common factor of 70 and u?
14
Let l be 249*((-4)/9)/((-144)/1404). What is the greatest common divisor of 83 and l?
83
Let x(g) = -10*g - 300. Let b be x(-39). Calculate the highest common factor of b and 54.
18
Let o = -1110 - -1135. Calculate the highest common factor of 225 and o.
25
Suppose 2*w = -5*a + 449, -a + 6*a = w + 458. Calculate the highest common divisor of a and 26.
13
Suppose -2*r + 28 = 18. Let i(b) = -b**2 - 12*b + 33. Let v be i(-14). Calculate the highest common factor of v and r.
5
Suppose 2*v + y + 0*y = 84, -3*y + 212 = 5*v. Let r(i) = -i - 14. Let d be r(-7). Let u = d - -12. What is the greatest common factor of v and u?
5
Let x(y) = -y**2 - y + 72. Let c be x(0). Let f be (7/(-3))/(8/c). Let t = -12 - f. What is the greatest common divisor of t and 9?
9
Suppose 2*l + 0*l - 2*v = 842, 0 = 5*l + v - 2087. Let u be 2*(14 + -9 + 14). Calculate the highest common factor of l and u.
38
Suppose -2*x - y = -66, -5*x - y = 4*y - 155. Calculate the greatest common factor of x and 420.
35
Suppose 0 = 3*z - 957 + 948. Let n be 22 - (1 - -2 - 5). Calculate the greatest common divisor of z and n.
3
Let a(u) = u**3 - 41*u**2 + 40*u + 31. Let d be a(40). What is the greatest common divisor of 6 and d?
1
Suppose 13*u = 18*u - 660. Suppose 9*l - 12*l = -u. What is the greatest common divisor of l and 22?
22
Let v be (6/(-5))/(6/(-3825)). What is the highest common divisor of 85 and v?
85
Suppose -8*j = -12*j. Suppose w + 4 - 72 = j. Calculate the greatest common divisor of 170 and w.
34
Let u = 573 - 497. Calculate the highest common factor of 874 and u.
38
Let r be 3*(4/18 - 1450/(-225)). What is the highest common factor of 220 and r?
20
Suppose 0 = 11*z - 60 + 5. Suppose 6*j - z*j - 2 = 0. Let r be 5/(5/(-6))*-1. What is the highest common divisor of r and j?
2
Let c(j) = -j**3 + j**2 + 4*j + 6. Let u be c(3). Suppose -3*n - n - 3*i = -39, u = 5*i - 5. Calculate the greatest common factor of n and 18.
9
Let r(j) = -2*j**3 - 2*j**2 + 3*j - 3. Let c be r(-3). Suppose 107 = 3*x - 4*v, -x + c = -v + 2*v. What is the greatest common factor of x and 145?
29
Let k = 7 - 20. Let o = -6 - k. Calculate the highest common factor of o and 1.
1
Let k be (0 + -1)*(-57 - (-3 - 3)). What is the greatest common factor of 136 and k?
17
Let w = 31 - 42. Let t(f) = -10*f - 5. Let m be t(w). What is the highest common factor of 15 and m?
15
Let k = -124 + 127. Let v be 716/k + -1 + 27/81. Calculate the highest common factor of v and 14.
14
Let o be 150 + (-43 - 7)/5. Calculate the greatest common divisor of o and 210.
70
Let l(o) = o**3 - 31*o**2 + 5. Let r be l(31). Let g = 53 + -18. Calculate the greatest common divisor of r and g.
5
Let v be (12/5)/((-153)/(-17340)). What is the greatest common divisor of v and 16?
16
Let g be (-6 + (-96)/(-18))*6*1. Let s be 2/g + (86/4 - 8). Let o be (-118)/(-1) + -1 + 0. Calculate the greatest common factor of s and o.
13
Let y be (-70)/84*(10/(-2) + -1). Let u be 4/(-6) + 84/18. Suppose -5*z + 35 = -u*z. Calculate the greatest common factor of y and z.
5
Suppose -36*n + 40*n - 2*q = 198, 3*n - 4*q = 141. What is the highest common divisor of 289 and n?
17
Let b(d) = 3*d - 3. Let h be b(-11). Suppose f = -2*v + 142, 0*v - f = v - 70. Let p = v + h. What is the highest common divisor of p and 4?
4
Let g = 33 + 58. What is the greatest common divisor of g and 13?
13
Suppose m + 2*h - 2 = -1, 2*h = 5*m - 17. Suppose -38*c + 39*c = m. Calculate the greatest common divisor of c and 21.
3
Let o = -87 - -122. Calculate the greatest common divisor of o and 140.
35
Let r be (-99)/(-21) - (-2 + (-12)/(-7)). Suppose 12 = -3*v, -r*v + 33 = 5*t - 72. Calculate the highest common factor of t and 10.
5
Let s be (-19)/76*((-333)/1 + 1). Suppose -s*d = -88*d + 30. What is the highest common factor of 2 and d?
2
Let d(w) = 4*w**2 + 3*w + 3. Let j be d(-3). Suppose 4*a = -z - 65 + 75, -82 = -4*z + 5*a. What is the highest common factor of j and z?
6
Suppose -5*p - 3 = -13. Let l = -4438 - -4440. Calculate the greatest common factor of p and l.
2
Let k be 91/(-4) + (-4)/16. Let r = -33 - k. Let v be 6/10 + (-54)/r. Calculate the greatest common divisor of v and 42.
6
Let m be -8 - -45 - (-2 + 7). Suppose 5*q + 2*v = q + 40, 5*v + m = q. Calculate the highest common factor of 96 and q.
12
Suppose -p - 3*p = 4*s, 2*s - p = 15. Let m be (7/14)/(6/972). Suppose s*r = 2*n + m, 4*r - 2*n - 30 = 34. What is the greatest common divisor of 136 and r?
17
Let n(t) = 25*t. Let o be n(1). Let i = o + 17. Let k be 2 + 2*(-4 - -6). What is the highest common factor of k and i?
6
Let a be 235/2 - 25/(-10). What is the greatest common divisor of a and 180?
60
Suppose 0 = 2*u - 3*u - 7. Let n = u - -11. Suppose -l - 17 = -n*h - 2, l + 5*h - 21 = 0. Calculate the greatest common divisor of l and 3.
1
Let k(w) = -w**3 + 11*w**2 + 10*w - 155. Let i be k(10). What is the greatest common divisor of 345 and i?
15
Let q be 54/4 + 1/(-2). Let h = -1 - -4. Suppose -5*s + x = -196, 2*x = h*x + 1. Calculate the highest common divisor of s and q.
13
Let n = -75 - -130. Let l = -240 - -262. Calculate the greatest common factor of n and l.
11
Let g(n) = 10*n**2. Let s be g(-1). Suppose -4*a + 3*a + s = -3*i, 0 = 3*a - 4*i - 15. Let w = 30 - 19. What is the greatest common factor of w and a?
1
Let h = -21 - -42. Let p(z) = -76*z + 8. Let c be p(-1). Calculate the greatest common factor of h and c.
21
Suppose 22*p = 8*p - 70. Let l be (-2 + (-20)/p)/1. What is the greatest common divisor of 58 and l?
2
Suppose 13 + 23 = 9*m. Suppose 0*o = 2*o + 2, -3*o - 211 = -m*w. Calculate the greatest common divisor of 156 and w.
52
Let t(f) = 2*f + 149. Let a be t(-29). Calculate the highest common factor of a and 13.
13
Let c(z) = z**3 - 5*z**2 + 6*z - 3. Suppose 0 = -2*q - 3 + 11. Let j be c(q). What is the greatest common factor of j and 35?
5
Suppose -170*w = -173*w + 12. Calculate the highest common divisor of 244 and w.
4
Suppose 0 = g + 11*g - 60. Calculate the highest common divisor of 145 and g.
5
Let w be (-1 + -5)/((-9)/(-6)). Let n be ((-288)/168)/(w/14). Let r be -3*1/(-3) + 41. Calculate the greatest common divisor of n and r.
6
Let c = 66 - 54. Suppose -4*q + 15 = -5, -2*s + 27 = q. Let w = 71 - s. Calculate the highest common factor of c and w.
12
Suppose -12*g = 33*g - 3105. What is the greatest common factor of g and 552?
69
Let n(s) = -s**2 + 8*s + 2. Let f be n(7). Let p = 24 + 3. What is the greatest common factor of f and p?
9
Suppose -20 + 53 = 3*b. Calculate the greatest common factor of b and 341.
11
Let p be (1 - -5)/(6/4). Let r(j) = j + 6. Let g be r(0). Suppose -u - 24 = -2*n - g*u, 0 = p*n - 4*u + 8. Calculate the greatest common factor of 2 and n.
2
Let n = -552 + 664. What is the highest common divisor of n and 70?
14
Let y be (-6)/8 + 4/(-16). Let m be 2*(y - (-10)/4). Suppose 0 = -m*j + 105 + 303. Calculate the greatest common factor of 17 and j.
17
Suppose 3*w = -4*w + 4*w. Suppose 8*m + 8 - 64 = w. What is the highest common divisor of 56 and m?
7
Let m = -509 - -653. Calculate the greatest common divisor of m and 54.
18
Let c = -255 - -381. Calculate the highest common divisor of 42 and c.
42
Let c = -12 - -12. Suppose -4*r - 119 = -5*x, -4*x - 4 + c = 0. Let k = r - -151. Calculate the greatest common divisor of 15 and k.
15
Suppose 0 = -0*c + 3*c - 48. Suppose -2*y + 4*r = -16, 4*r - c = -0. What is the greatest common factor of 144 and y?
16
Suppose -5*p = -5*d + 150, -d + 0*p - 4*p + 15 = 0. Let v be (-3)/(-4) - 4845/(-20). What is the highest common factor of v and d?
27
Let p be -3 + (36 + 0)/4. Suppose -2*a - 192 = -p*a. Suppose 4*w - w = a. What is the greatest common divisor of w and 32?
16
Let c = -222 - -270. What is the highest common divisor of c and 84?
12
Let f(x) = x**2 + 3*x + 2. Let s be f(-11). What is the highest common divisor of 120 and s?
30
Suppose 0 = 3*q - 6*c - 90, -c + 22 = 5*q - 95. Let i(b) = -16*b. Let m be i(-1). What is the highest common factor of m and q?
8
Let j = -1